s is divided by n.
15
Let u(h) = 38*h - 62. Calculate the remainder when u(4) is divided by 48.
42
Calculate the remainder when (-1)/(((-18)/(-228))/(-4 + 1)) is divided by 14.
10
Let u(c) = c**2 + 3*c + 4. Let g be (-4 + (-4)/4)*1. Calculate the remainder when u(g) is divided by 4.
2
Suppose 2*q - 37 = 19. Calculate the remainder when q is divided by (5/(20/(-6)))/((-108)/720).
8
Let q = 82 + -127. Let w = -11 - q. What is the remainder when w is divided by (-2)/7 + (-186)/(-14)?
8
What is the remainder when 1640/(-15)*(-18)/12 is divided by 14?
10
Suppose -288 = -532*o + 526*o. What is the remainder when 142 is divided by o?
46
Let a(d) = d - 1. Let v be a(3). Let t(f) = f**2 + 5*f - 5. Suppose -5*h + 161 + 9 = 0. Calculate the remainder when h is divided by t(v).
7
What is the remainder when 1108/(-10)*320/(-128) is divided by 74?
55
Suppose -3*p = -4*z + 10, 0 = z - 3*p - 3 - 4. What is the remainder when 2 + 7 + 3 + z is divided by 5?
3
Calculate the remainder when 240 is divided by 6/(-8) - 10/40*-331.
76
Let u(a) be the second derivative of 1/3*a**3 + a**2 + 0 + 1/12*a**4 + 9*a. What is the remainder when u(5) is divided by 20?
17
Let m = 147 + -127. What is the remainder when 98 is divided by m?
18
Suppose -q = -4*j + 14 + 11, -4*q = -5*j + 45. Suppose 3*z - 5*z + 10 = -4*k, 0 = -2*z + 6. What is the remainder when 6 is divided by k*(q - (0 + -3))?
0
Let k(f) = -2*f**2 - 7. Let r be k(5). Let b = 2 - r. Let g(w) = 13*w**2 - 19*w + 1. What is the remainder when b is divided by g(2)?
14
Let j = 1193 + -1176. Let z(t) = -2*t**2 - 4*t - 1. Let l be z(6). Let x = -49 - l. Calculate the remainder when x is divided by j.
14
Suppose -10*v + 3*v = -560. Let p = v - 68. What is the remainder when 21 is divided by p?
9
Let t(v) = -1 + 2*v**2 + 16*v - 3 + 17 - 6*v. Calculate the remainder when t(-6) is divided by 7.
4
Let o = 14 - 10. Suppose 16 = -o*j, -2*j - 40 = 2*d - 0*j. Let i = d + 25. Calculate the remainder when 15 is divided by i.
6
Suppose 0 = -q + 54. Suppose -3*g + 0*g = -q. Calculate the remainder when 265/(-10)*(-4)/2 is divided by g.
17
Let f(g) = 11*g - 19. Let n be f(5). Let j = -21 + n. What is the remainder when 56 is divided by j?
11
Let v = 1016 + -952. Calculate the remainder when 252 is divided by v.
60
Let s(q) = -2*q - 4*q - q**2 + 0*q**2 + 0*q**2. Let b be s(-6). Calculate the remainder when 7 is divided by b + (5 - 3) + 0.
1
Let y(t) = -8*t + 24. Calculate the remainder when 23 is divided by y(2).
7
Let g = -4 - 10. Let i(b) = 3*b + 55. Let x be i(-10). Let k = g + x. What is the remainder when 43 is divided by k?
10
Let o(q) be the second derivative of -17*q**3/6 - 3*q**2/2 + 17*q. What is the remainder when o(-4) is divided by 17?
14
Let o = 68 + 4. Let x = o - 63. What is the remainder when 13 is divided by x?
4
Let v be (0 - (-26)/4)*(-15 - -3). Let u = -70 - v. Calculate the remainder when 21 is divided by u.
5
Let m be (-9)/(-27)*1*447. Suppose 0 = 4*d - 31 - m. Suppose -d = -4*k + 19. Calculate the remainder when 46 is divided by k.
14
Let d = 33 + -16. Suppose 0 = 2*b - 9 - d. Let g = 27 - -10. Calculate the remainder when g is divided by b.
11
Suppose -3*i + 18 = -0*i. What is the remainder when (-21)/18 + 1/i + 28 is divided by 12?
3
Let q(k) = k**3 + 12*k**2 - 14*k - 5. What is the remainder when 54 is divided by q(-13)?
6
Suppose -2*m = 3*m - 75. Suppose -10*s - m = -15*s. What is the remainder when -6*(1/(-2))/1 is divided by s?
0
Suppose -1 = u - 6. Suppose -4*s - 33 = -u*s. Suppose 0 = -5*a - p + 57, -a - a + 3*p = -s. Calculate the remainder when 46 is divided by a.
10
Let d = 361 - 282. What is the remainder when d is divided by 16?
15
Suppose -104 + 224 = 5*w. Calculate the remainder when 42 is divided by w.
18
Let r = 18 - 15. Suppose 28 + 44 = r*g. Calculate the remainder when 69 is divided by g.
21
Let g(d) = 3*d - 12. Let h be g(12). Let z(l) = 5*l**2 + 2*l + 2. Let s be z(-3). Let v = s - h. Calculate the remainder when 48 is divided by v.
14
Suppose -2*b = -85*k + 88*k - 914, -2*k + 631 = -3*b. Calculate the remainder when k is divided by 26.
22
Let n(y) = -5*y**2 + 7*y - 27. Let v(j) = -3*j**2 + 3*j - 14. Let g(w) = 4*n(w) - 7*v(w). Calculate the remainder when g(-9) is divided by 5.
3
What is the remainder when 310 is divided by (-323)/(-5) - 399/665?
54
Let u be 6/8 + (-30)/(-24). Let q(f) = -21*f - 1 + 29*f - u. What is the remainder when q(11) is divided by 22?
19
Suppose -g = -2*o - 1007, -5*g = 2*o - 428 - 4667. What is the remainder when g is divided by 85?
82
Suppose 352 = 19*g + 3*g. What is the remainder when 28 is divided by g?
12
Suppose -2*k + 43 = -3*d + 575, -2*d - 2*k = -338. Suppose 4*f = d + 78. Suppose f = 2*m + m. Calculate the remainder when 81 is divided by m.
18
Let j(b) = 86*b**2 - 6*b - 24. What is the remainder when j(-3) is divided by 35?
33
Let h = -5 - -17. Suppose h*s = 11*s + 11. Calculate the remainder when 53 is divided by s.
9
Let d(j) = -j**2 + 5*j. Let c(z) = -z**2 - 11*z - 6. Let o be c(-10). Let p be d(o). Suppose 0 = 2*w - p*w + 6. Calculate the remainder when 6 is divided by w.
0
Let u(w) = 2*w + 42. Let s(t) = t**3 - 6*t**2 - 7*t - 3. Let c be s(7). Let f = 10 + c. What is the remainder when u(-12) is divided by f?
4
Suppose 4*q + c = 4*c + 538, 8 = 4*c. Calculate the remainder when 1223 is divided by q.
135
Let n = 449 + -162. What is the remainder when n is divided by 29?
26
Let k(c) = -41*c**3 + c**2 + c. Let x be k(-1). Let a be x*(-1 - (3 + -5)). Let z = a + -17. What is the remainder when 69 is divided by z?
21
Let p = 10 - 11. Calculate the remainder when 60 - 7 - (2 - p) is divided by 13.
11
Let n = 112 + -21. What is the remainder when 451 is divided by n?
87
Let w = 31 - 10. Let k = 44 + -40. What is the remainder when (-1)/(-1) + 35 + k is divided by w?
19
Suppose -4*v + 1548 = -4*c, -c + 2*v = -2*v + 384. What is the remainder when (-2)/(-6) - c/6 is divided by 17?
14
Let b = 11 - 18. Let f = 0 - b. Let z(k) = k**2 - 3*k - 7. What is the remainder when 60 is divided by z(f)?
18
Suppose -42 - 248 = 5*t - 5*b, 2*t + 126 = -3*b. Let w = -18 - t. Calculate the remainder when w is divided by 15.
12
Let c(y) = 65*y - 12. Let g(v) = 3*v - 1. Let j be g(1). Calculate the remainder when c(j) is divided by 30.
28
Suppose 0 = 2*f - 35 + 9. Let h(v) = 60*v - 45. Calculate the remainder when h(2) is divided by f.
10
Suppose -g + 57 = 2*g. Let f = g + -31. What is the remainder when (3 - -4)/((-4)/f) is divided by 12?
9
Suppose 3*u = 3*u - 2*u. Let a(h) = h**2 + 2*h + 53. Calculate the remainder when a(u) is divided by 27.
26
Let w(j) = 2*j**2 + 18*j + 2. Let t be w(-9). Suppose -3*d - 2*z = -8, 2*d + 4*z - 12 = -t*d. What is the remainder when 47 is divided by d - (60/(-3))/2?
11
Suppose 6*q - 9*q = -1077. Calculate the remainder when q is divided by 12.
11
Suppose -5*w + 14 = -1. Let s(r) = 5*r**2 - r. Let t(o) = -6*o**2 - 1. Let v(b) = 3*s(b) + 2*t(b). What is the remainder when v(w) is divided by 6?
4
Let w(v) = 9*v**2 + 16*v - 37. What is the remainder when 184 is divided by w(2)?
29
Let t(s) = -6*s**2 + 3*s + 2. Let f be t(2). Let u = -27 - f. Let d = u - -50. What is the remainder when d is divided by 14?
11
Let l(f) = 5*f**3 + f**2 - f. Let v be l(2). Let n be (696/(-72))/((-1)/(-3)). Let y = v + n. What is the remainder when y is divided by 7?
6
Suppose 0 = j - t - 0 - 1, 6 = 3*t. Suppose -6*f + j*f = -9. Suppose -o = -5*o + 4. What is the remainder when f is divided by o?
0
What is the remainder when 11 - (17/85 - (-22)/(-10)) is divided by 4?
1
Let v(d) = -2*d**3 - 13*d**2 - 15*d - 15. Let p(m) = m**3 + 13*m**2 + 15*m + 14. Let o(t) = 3*p(t) + 2*v(t). What is the remainder when 101 is divided by o(14)?
23
Let i be 8/28 - 766/(-14). Let w = i - 25. What is the remainder when w is divided by 16?
14
Let h = 166 + -123. Suppose 4*z = 5*s + 51, 15 = 3*z - z + s. What is the remainder when h is divided by z?
7
Let t(c) = -c**2 + 34*c - 79. Let m(x) = x**2 - 7*x + 2. Let a be m(7). What is the remainder when t(31) is divided by a/(-7) - (-58)/7?
6
Suppose 8*h - 2*m - 10 = 3*h, -10 = -5*h + 3*m. Let w(s) = 3 - 7*s + 6*s**2 - 2*s**2 + 4*s - 2*s. What is the remainder when 26 is divided by w(h)?
8
Let i(k) = -k - 3. Let j be i(-5). What is the remainde